{"id":22048,"date":"2020-08-24T03:56:10","date_gmt":"2020-08-23T22:26:10","guid":{"rendered":"https:\/\/www.tjc-group.com\/resource\/conformite-saf-t-comment-la-charge-de-declaration-augmente-t-elle-avec-covid\/"},"modified":"2020-08-24T03:56:10","modified_gmt":"2020-08-24T01:56:10","slug":"conformite-saf-t-comment-la-charge-de-declaration-augmente-t-elle-avec-covid","status":"publish","type":"resources","link":"https:\/\/www.tjc-group.com\/fr\/ressource\/conformite-saf-t-comment-la-charge-de-declaration-augmente-t-elle-avec-covid\/","title":{"rendered":"Conformit\u00e9 SAF-T&nbsp;: comment la charge de d\u00e9claration augmente-t-elle avec Covid&nbsp;?"},"content":{"rendered":"","protected":false},"featured_media":21408,"parent":0,"template":"","meta":{"content-type":"","footnotes":""},"resource_category":[165],"resource_tag":[259],"class_list":["post-22048","resources","type-resources","status-publish","has-post-thumbnail","hentry","resource_category-video-fr","resource_tag-fichier-daudit-standard-pour-les-impots-saf-t"],"yoast_head":"<!-- This site is optimized with the Yoast SEO Premium plugin v27.4 (Yoast SEO v27.5) - https:\/\/yoast.com\/product\/yoast-seo-premium-wordpress\/ -->\n<title>Conformit\u00e9 SAF-T&nbsp;: comment la charge de d\u00e9claration augmente-t-elle avec Covid&nbsp;? - TJC Group<\/title>\n<meta name=\"description\" content=\"En savoir plus sur les derni\u00e8res tendances en mati\u00e8re de conformit\u00e9 fiscale num\u00e9rique en Europe\u00a0: exigences SAF-T, d\u00e9claration de TVA en temps r\u00e9el et obligations de facturation \u00e9lectronique.\" \/>\n<meta name=\"robots\" content=\"index, follow, max-snippet:-1, max-image-preview:large, max-video-preview:-1\" \/>\n<link rel=\"canonical\" href=\"https:\/\/www.tjc-group.com\/fr\/ressource\/conformite-saf-t-comment-la-charge-de-declaration-augmente-t-elle-avec-covid\/\" \/>\n<meta property=\"og:locale\" content=\"fr_FR\" \/>\n<meta property=\"og:type\" content=\"article\" \/>\n<meta property=\"og:title\" content=\"Conformit\u00e9 SAF-T&nbsp;: comment la charge de d\u00e9claration augmente-t-elle avec Covid&nbsp;?\" \/>\n<meta property=\"og:description\" content=\"En savoir plus sur les derni\u00e8res tendances en mati\u00e8re de conformit\u00e9 fiscale num\u00e9rique en Europe\u00a0: exigences SAF-T, d\u00e9claration de TVA en temps r\u00e9el et obligations de facturation \u00e9lectronique.\" \/>\n<meta property=\"og:url\" content=\"https:\/\/www.tjc-group.com\/fr\/ressource\/conformite-saf-t-comment-la-charge-de-declaration-augmente-t-elle-avec-covid\/\" \/>\n<meta property=\"og:site_name\" content=\"TJC Group\" \/>\n<meta property=\"article:modified_time\" content=\"2020-08-24T01:56:10+00:00\" \/>\n<meta property=\"og:image\" content=\"https:\/\/www.tjc-group.com\/wp-content\/uploads\/2021\/03\/SAF-T.webp\" \/>\n\t<meta property=\"og:image:width\" content=\"1280\" \/>\n\t<meta property=\"og:image:height\" content=\"640\" \/>\n\t<meta property=\"og:image:type\" content=\"image\/webp\" \/>\n<meta name=\"twitter:card\" content=\"summary_large_image\" \/>\n<meta name=\"twitter:site\" content=\"@tjcsoftware\" \/>\n<script type=\"application\/ld+json\" class=\"yoast-schema-graph\">{\"@context\":\"https:\\\/\\\/schema.org\",\"@graph\":[{\"@type\":\"WebPage\",\"@id\":\"https:\\\/\\\/www.tjc-group.com\\\/fr\\\/ressource\\\/conformite-saf-t-comment-la-charge-de-declaration-augmente-t-elle-avec-covid\\\/\",\"url\":\"https:\\\/\\\/www.tjc-group.com\\\/fr\\\/ressource\\\/conformite-saf-t-comment-la-charge-de-declaration-augmente-t-elle-avec-covid\\\/\",\"name\":\"Conformit\u00e9 SAF-T&nbsp;: comment la charge de d\u00e9claration augmente-t-elle avec Covid&nbsp;? - TJC Group\",\"isPartOf\":{\"@id\":\"https:\\\/\\\/www.tjc-group.com\\\/fr\\\/#website\"},\"primaryImageOfPage\":{\"@id\":\"https:\\\/\\\/www.tjc-group.com\\\/fr\\\/ressource\\\/conformite-saf-t-comment-la-charge-de-declaration-augmente-t-elle-avec-covid\\\/#primaryimage\"},\"image\":{\"@id\":\"https:\\\/\\\/www.tjc-group.com\\\/fr\\\/ressource\\\/conformite-saf-t-comment-la-charge-de-declaration-augmente-t-elle-avec-covid\\\/#primaryimage\"},\"thumbnailUrl\":\"https:\\\/\\\/www.tjc-group.com\\\/wp-content\\\/uploads\\\/2021\\\/03\\\/SAF-T.webp\",\"datePublished\":\"2020-08-23T22:26:10+00:00\",\"dateModified\":\"2020-08-24T01:56:10+00:00\",\"description\":\"En savoir plus sur les derni\u00e8res tendances en mati\u00e8re de conformit\u00e9 fiscale num\u00e9rique en Europe\u00a0: exigences SAF-T, d\u00e9claration de TVA en temps r\u00e9el et obligations de facturation \u00e9lectronique.\",\"breadcrumb\":{\"@id\":\"https:\\\/\\\/www.tjc-group.com\\\/fr\\\/ressource\\\/conformite-saf-t-comment-la-charge-de-declaration-augmente-t-elle-avec-covid\\\/#breadcrumb\"},\"inLanguage\":\"fr-FR\",\"potentialAction\":[{\"@type\":\"ReadAction\",\"target\":[\"https:\\\/\\\/www.tjc-group.com\\\/fr\\\/ressource\\\/conformite-saf-t-comment-la-charge-de-declaration-augmente-t-elle-avec-covid\\\/\"]}]},{\"@type\":\"ImageObject\",\"inLanguage\":\"fr-FR\",\"@id\":\"https:\\\/\\\/www.tjc-group.com\\\/fr\\\/ressource\\\/conformite-saf-t-comment-la-charge-de-declaration-augmente-t-elle-avec-covid\\\/#primaryimage\",\"url\":\"https:\\\/\\\/www.tjc-group.com\\\/wp-content\\\/uploads\\\/2021\\\/03\\\/SAF-T.webp\",\"contentUrl\":\"https:\\\/\\\/www.tjc-group.com\\\/wp-content\\\/uploads\\\/2021\\\/03\\\/SAF-T.webp\",\"width\":1280,\"height\":640,\"caption\":\"SAF-T | Groupe TJC\"},{\"@type\":\"BreadcrumbList\",\"@id\":\"https:\\\/\\\/www.tjc-group.com\\\/fr\\\/ressource\\\/conformite-saf-t-comment-la-charge-de-declaration-augmente-t-elle-avec-covid\\\/#breadcrumb\",\"itemListElement\":[{\"@type\":\"ListItem\",\"position\":1,\"name\":\"Home\",\"item\":\"https:\\\/\\\/www.tjc-group.com\\\/fr\\\/\"},{\"@type\":\"ListItem\",\"position\":2,\"name\":\"Conformit\u00e9 SAF-T&nbsp;: comment la charge de d\u00e9claration augmente-t-elle avec Covid&nbsp;?\"}]},{\"@type\":\"WebSite\",\"@id\":\"https:\\\/\\\/www.tjc-group.com\\\/fr\\\/#website\",\"url\":\"https:\\\/\\\/www.tjc-group.com\\\/fr\\\/\",\"name\":\"TJC Group\",\"description\":\"\",\"publisher\":{\"@id\":\"https:\\\/\\\/www.tjc-group.com\\\/fr\\\/#organization\"},\"potentialAction\":[{\"@type\":\"SearchAction\",\"target\":{\"@type\":\"EntryPoint\",\"urlTemplate\":\"https:\\\/\\\/www.tjc-group.com\\\/fr\\\/?s={search_term_string}\"},\"query-input\":{\"@type\":\"PropertyValueSpecification\",\"valueRequired\":true,\"valueName\":\"search_term_string\"}}],\"inLanguage\":\"fr-FR\"},{\"@type\":\"Organization\",\"@id\":\"https:\\\/\\\/www.tjc-group.com\\\/fr\\\/#organization\",\"name\":\"TJC Group\",\"url\":\"https:\\\/\\\/www.tjc-group.com\\\/fr\\\/\",\"logo\":{\"@type\":\"ImageObject\",\"inLanguage\":\"fr-FR\",\"@id\":\"https:\\\/\\\/www.tjc-group.com\\\/fr\\\/#\\\/schema\\\/logo\\\/image\\\/\",\"url\":\"https:\\\/\\\/www.tjc-group.com\\\/wp-content\\\/uploads\\\/2021\\\/05\\\/logo.svg\",\"contentUrl\":\"https:\\\/\\\/www.tjc-group.com\\\/wp-content\\\/uploads\\\/2021\\\/05\\\/logo.svg\",\"caption\":\"TJC Group\"},\"image\":{\"@id\":\"https:\\\/\\\/www.tjc-group.com\\\/fr\\\/#\\\/schema\\\/logo\\\/image\\\/\"},\"sameAs\":[\"https:\\\/\\\/x.com\\\/tjcsoftware\",\"https:\\\/\\\/www.linkedin.com\\\/company\\\/tjc-group\",\"https:\\\/\\\/www.youtube.com\\\/tjcgroup\"]}]}<\/script>\n<!-- \/ Yoast SEO Premium plugin. -->","yoast_head_json":{"title":"Conformit\u00e9 SAF-T&nbsp;: comment la charge de d\u00e9claration augmente-t-elle avec Covid&nbsp;? - TJC Group","description":"En savoir plus sur les derni\u00e8res tendances en mati\u00e8re de conformit\u00e9 fiscale num\u00e9rique en Europe\u00a0: exigences SAF-T, d\u00e9claration de TVA en temps r\u00e9el et obligations de facturation \u00e9lectronique.","robots":{"index":"index","follow":"follow","max-snippet":"max-snippet:-1","max-image-preview":"max-image-preview:large","max-video-preview":"max-video-preview:-1"},"canonical":"https:\/\/www.tjc-group.com\/fr\/ressource\/conformite-saf-t-comment-la-charge-de-declaration-augmente-t-elle-avec-covid\/","og_locale":"fr_FR","og_type":"article","og_title":"Conformit\u00e9 SAF-T&nbsp;: comment la charge de d\u00e9claration augmente-t-elle avec Covid&nbsp;?","og_description":"En savoir plus sur les derni\u00e8res tendances en mati\u00e8re de conformit\u00e9 fiscale num\u00e9rique en Europe\u00a0: exigences SAF-T, d\u00e9claration de TVA en temps r\u00e9el et obligations de facturation \u00e9lectronique.","og_url":"https:\/\/www.tjc-group.com\/fr\/ressource\/conformite-saf-t-comment-la-charge-de-declaration-augmente-t-elle-avec-covid\/","og_site_name":"TJC Group","article_modified_time":"2020-08-24T01:56:10+00:00","og_image":[{"width":1280,"height":640,"url":"https:\/\/www.tjc-group.com\/wp-content\/uploads\/2021\/03\/SAF-T.webp","type":"image\/webp"}],"twitter_card":"summary_large_image","twitter_site":"@tjcsoftware","schema":{"@context":"https:\/\/schema.org","@graph":[{"@type":"WebPage","@id":"https:\/\/www.tjc-group.com\/fr\/ressource\/conformite-saf-t-comment-la-charge-de-declaration-augmente-t-elle-avec-covid\/","url":"https:\/\/www.tjc-group.com\/fr\/ressource\/conformite-saf-t-comment-la-charge-de-declaration-augmente-t-elle-avec-covid\/","name":"Conformit\u00e9 SAF-T&nbsp;: comment la charge de d\u00e9claration augmente-t-elle avec Covid&nbsp;? - TJC Group","isPartOf":{"@id":"https:\/\/www.tjc-group.com\/fr\/#website"},"primaryImageOfPage":{"@id":"https:\/\/www.tjc-group.com\/fr\/ressource\/conformite-saf-t-comment-la-charge-de-declaration-augmente-t-elle-avec-covid\/#primaryimage"},"image":{"@id":"https:\/\/www.tjc-group.com\/fr\/ressource\/conformite-saf-t-comment-la-charge-de-declaration-augmente-t-elle-avec-covid\/#primaryimage"},"thumbnailUrl":"https:\/\/www.tjc-group.com\/wp-content\/uploads\/2021\/03\/SAF-T.webp","datePublished":"2020-08-23T22:26:10+00:00","dateModified":"2020-08-24T01:56:10+00:00","description":"En savoir plus sur les derni\u00e8res tendances en mati\u00e8re de conformit\u00e9 fiscale num\u00e9rique en Europe\u00a0: exigences SAF-T, d\u00e9claration de TVA en temps r\u00e9el et obligations de facturation \u00e9lectronique.","breadcrumb":{"@id":"https:\/\/www.tjc-group.com\/fr\/ressource\/conformite-saf-t-comment-la-charge-de-declaration-augmente-t-elle-avec-covid\/#breadcrumb"},"inLanguage":"fr-FR","potentialAction":[{"@type":"ReadAction","target":["https:\/\/www.tjc-group.com\/fr\/ressource\/conformite-saf-t-comment-la-charge-de-declaration-augmente-t-elle-avec-covid\/"]}]},{"@type":"ImageObject","inLanguage":"fr-FR","@id":"https:\/\/www.tjc-group.com\/fr\/ressource\/conformite-saf-t-comment-la-charge-de-declaration-augmente-t-elle-avec-covid\/#primaryimage","url":"https:\/\/www.tjc-group.com\/wp-content\/uploads\/2021\/03\/SAF-T.webp","contentUrl":"https:\/\/www.tjc-group.com\/wp-content\/uploads\/2021\/03\/SAF-T.webp","width":1280,"height":640,"caption":"SAF-T | Groupe TJC"},{"@type":"BreadcrumbList","@id":"https:\/\/www.tjc-group.com\/fr\/ressource\/conformite-saf-t-comment-la-charge-de-declaration-augmente-t-elle-avec-covid\/#breadcrumb","itemListElement":[{"@type":"ListItem","position":1,"name":"Home","item":"https:\/\/www.tjc-group.com\/fr\/"},{"@type":"ListItem","position":2,"name":"Conformit\u00e9 SAF-T&nbsp;: comment la charge de d\u00e9claration augmente-t-elle avec Covid&nbsp;?"}]},{"@type":"WebSite","@id":"https:\/\/www.tjc-group.com\/fr\/#website","url":"https:\/\/www.tjc-group.com\/fr\/","name":"TJC Group","description":"","publisher":{"@id":"https:\/\/www.tjc-group.com\/fr\/#organization"},"potentialAction":[{"@type":"SearchAction","target":{"@type":"EntryPoint","urlTemplate":"https:\/\/www.tjc-group.com\/fr\/?s={search_term_string}"},"query-input":{"@type":"PropertyValueSpecification","valueRequired":true,"valueName":"search_term_string"}}],"inLanguage":"fr-FR"},{"@type":"Organization","@id":"https:\/\/www.tjc-group.com\/fr\/#organization","name":"TJC Group","url":"https:\/\/www.tjc-group.com\/fr\/","logo":{"@type":"ImageObject","inLanguage":"fr-FR","@id":"https:\/\/www.tjc-group.com\/fr\/#\/schema\/logo\/image\/","url":"https:\/\/www.tjc-group.com\/wp-content\/uploads\/2021\/05\/logo.svg","contentUrl":"https:\/\/www.tjc-group.com\/wp-content\/uploads\/2021\/05\/logo.svg","caption":"TJC Group"},"image":{"@id":"https:\/\/www.tjc-group.com\/fr\/#\/schema\/logo\/image\/"},"sameAs":["https:\/\/x.com\/tjcsoftware","https:\/\/www.linkedin.com\/company\/tjc-group","https:\/\/www.youtube.com\/tjcgroup"]}]}},"_links":{"self":[{"href":"https:\/\/www.tjc-group.com\/fr\/wp-json\/wp\/v2\/resources\/22048","targetHints":{"allow":["GET"]}}],"collection":[{"href":"https:\/\/www.tjc-group.com\/fr\/wp-json\/wp\/v2\/resources"}],"about":[{"href":"https:\/\/www.tjc-group.com\/fr\/wp-json\/wp\/v2\/types\/resources"}],"version-history":[{"count":0,"href":"https:\/\/www.tjc-group.com\/fr\/wp-json\/wp\/v2\/resources\/22048\/revisions"}],"wp:featuredmedia":[{"embeddable":true,"href":"https:\/\/www.tjc-group.com\/fr\/wp-json\/wp\/v2\/media\/21408"}],"wp:attachment":[{"href":"https:\/\/www.tjc-group.com\/fr\/wp-json\/wp\/v2\/media?parent=22048"}],"wp:term":[{"taxonomy":"resource_category","embeddable":true,"href":"https:\/\/www.tjc-group.com\/fr\/wp-json\/wp\/v2\/resource_category?post=22048"},{"taxonomy":"resource_tag","embeddable":true,"href":"https:\/\/www.tjc-group.com\/fr\/wp-json\/wp\/v2\/resource_tag?post=22048"}],"curies":[{"name":"wp","href":"https:\/\/api.w.org\/{rel}","templated":true}]}}

Conformité SAF-T&nbsp;: comment la charge de déclaration augmente-t-elle avec Covid&nbsp;?

<!-- This site is optimized with the Yoast SEO Premium plugin v27.4 (Yoast SEO v27.5) - https://yoast.com/product/yoast-seo-premium-wordpress/ -->
<title>Conformité SAF-T&nbsp;: comment la charge de déclaration augmente-t-elle avec Covid&nbsp;? - TJC Group</title>
<meta name="description" content="En savoir plus sur les dernières tendances en matière de conformité fiscale numérique en Europe : exigences SAF-T, déclaration de TVA en temps réel et obligations de facturation électronique." />
<meta name="robots" content="index, follow, max-snippet:-1, max-image-preview:large, max-video-preview:-1" />
<link rel="canonical" href="https://www.tjc-group.com/fr/ressource/conformite-saf-t-comment-la-charge-de-declaration-augmente-t-elle-avec-covid/" />
<meta property="og:locale" content="fr_FR" />
<meta property="og:type" content="article" />
<meta property="og:title" content="Conformité SAF-T&nbsp;: comment la charge de déclaration augmente-t-elle avec Covid&nbsp;?" />
<meta property="og:description" content="En savoir plus sur les dernières tendances en matière de conformité fiscale numérique en Europe : exigences SAF-T, déclaration de TVA en temps réel et obligations de facturation électronique." />
<meta property="og:url" content="https://www.tjc-group.com/fr/ressource/conformite-saf-t-comment-la-charge-de-declaration-augmente-t-elle-avec-covid/" />
<meta property="og:site_name" content="TJC Group" />
<meta property="article:modified_time" content="2020-08-24T01:56:10+00:00" />
<meta property="og:image" content="https://www.tjc-group.com/wp-content/uploads/2021/03/SAF-T.webp" />
	<meta property="og:image:width" content="1280" />
	<meta property="og:image:height" content="640" />
	<meta property="og:image:type" content="image/webp" />
<meta name="twitter:card" content="summary_large_image" />
<meta name="twitter:site" content="@tjcsoftware" />
<script type="application/ld+json" class="yoast-schema-graph">{"@context":"https:\/\/schema.org","@graph":[{"@type":"WebPage","@id":"https:\/\/www.tjc-group.com\/fr\/ressource\/conformite-saf-t-comment-la-charge-de-declaration-augmente-t-elle-avec-covid\/","url":"https:\/\/www.tjc-group.com\/fr\/ressource\/conformite-saf-t-comment-la-charge-de-declaration-augmente-t-elle-avec-covid\/","name":"Conformité SAF-T&nbsp;: comment la charge de déclaration augmente-t-elle avec Covid&nbsp;? - TJC Group","isPartOf":{"@id":"https:\/\/www.tjc-group.com\/fr\/#website"},"primaryImageOfPage":{"@id":"https:\/\/www.tjc-group.com\/fr\/ressource\/conformite-saf-t-comment-la-charge-de-declaration-augmente-t-elle-avec-covid\/#primaryimage"},"image":{"@id":"https:\/\/www.tjc-group.com\/fr\/ressource\/conformite-saf-t-comment-la-charge-de-declaration-augmente-t-elle-avec-covid\/#primaryimage"},"thumbnailUrl":"https:\/\/www.tjc-group.com\/wp-content\/uploads\/2021\/03\/SAF-T.webp","datePublished":"2020-08-23T22:26:10+00:00","dateModified":"2020-08-24T01:56:10+00:00","description":"En savoir plus sur les dernières tendances en matière de conformité fiscale numérique en Europe : exigences SAF-T, déclaration de TVA en temps réel et obligations de facturation électronique.","breadcrumb":{"@id":"https:\/\/www.tjc-group.com\/fr\/ressource\/conformite-saf-t-comment-la-charge-de-declaration-augmente-t-elle-avec-covid\/#breadcrumb"},"inLanguage":"fr-FR","potentialAction":[{"@type":"ReadAction","target":["https:\/\/www.tjc-group.com\/fr\/ressource\/conformite-saf-t-comment-la-charge-de-declaration-augmente-t-elle-avec-covid\/"]}]},{"@type":"ImageObject","inLanguage":"fr-FR","@id":"https:\/\/www.tjc-group.com\/fr\/ressource\/conformite-saf-t-comment-la-charge-de-declaration-augmente-t-elle-avec-covid\/#primaryimage","url":"https:\/\/www.tjc-group.com\/wp-content\/uploads\/2021\/03\/SAF-T.webp","contentUrl":"https:\/\/www.tjc-group.com\/wp-content\/uploads\/2021\/03\/SAF-T.webp","width":1280,"height":640,"caption":"SAF-T | Groupe TJC"},{"@type":"BreadcrumbList","@id":"https:\/\/www.tjc-group.com\/fr\/ressource\/conformite-saf-t-comment-la-charge-de-declaration-augmente-t-elle-avec-covid\/#breadcrumb","itemListElement":[{"@type":"ListItem","position":1,"name":"Home","item":"https:\/\/www.tjc-group.com\/fr\/"},{"@type":"ListItem","position":2,"name":"Conformité SAF-T&nbsp;: comment la charge de déclaration augmente-t-elle avec Covid&nbsp;?"}]},{"@type":"WebSite","@id":"https:\/\/www.tjc-group.com\/fr\/#website","url":"https:\/\/www.tjc-group.com\/fr\/","name":"TJC Group","description":"","publisher":{"@id":"https:\/\/www.tjc-group.com\/fr\/#organization"},"potentialAction":[{"@type":"SearchAction","target":{"@type":"EntryPoint","urlTemplate":"https:\/\/www.tjc-group.com\/fr\/?s={search_term_string}"},"query-input":{"@type":"PropertyValueSpecification","valueRequired":true,"valueName":"search_term_string"}}],"inLanguage":"fr-FR"},{"@type":"Organization","@id":"https:\/\/www.tjc-group.com\/fr\/#organization","name":"TJC Group","url":"https:\/\/www.tjc-group.com\/fr\/","logo":{"@type":"ImageObject","inLanguage":"fr-FR","@id":"https:\/\/www.tjc-group.com\/fr\/#\/schema\/logo\/image\/","url":"https:\/\/www.tjc-group.com\/wp-content\/uploads\/2021\/05\/logo.svg","contentUrl":"https:\/\/www.tjc-group.com\/wp-content\/uploads\/2021\/05\/logo.svg","caption":"TJC Group"},"image":{"@id":"https:\/\/www.tjc-group.com\/fr\/#\/schema\/logo\/image\/"},"sameAs":["https:\/\/x.com\/tjcsoftware","https:\/\/www.linkedin.com\/company\/tjc-group","https:\/\/www.youtube.com\/tjcgroup"]}]}</script>
<!-- / Yoast SEO Premium plugin. -->

Conformité SAF-T&nbsp;: comment la charge de déclaration augmente-t-elle avec Covid&nbsp;? - TJC Group

En savoir plus sur les dernières tendances en matière de conformité fiscale numérique en Europe : exigences SAF-T, déclaration de TVA en temps réel et obligations de facturation électronique.
